
{"id":184,"date":"2014-09-26T12:36:27","date_gmt":"2014-09-26T19:36:27","guid":{"rendered":"http:\/\/www.chronme.com\/blog\/?page_id=184"},"modified":"2025-01-08T22:29:51","modified_gmt":"2025-01-08T15:29:51","slug":"chronometre-en-ligne","status":"publish","type":"page","link":"https:\/\/www.chronme.com\/blog\/chronometre-en-ligne","title":{"rendered":"Chronom\u00e8tre en ligne"},"content":{"rendered":"<p><img decoding=\"async\" style=\"width:100%\" src=\"http:\/\/www.chronme.com\/blog\/wp-content\/uploads\/chronometre_en_ligne.jpg\" title=\"chronom\u00e8tre en ligne\" \/><\/p>\n<style>.storycontent ul{margin:20px;}.storycontent li{list-style:square;}.storycontent div{margin-top:20px;}<\/style>\n<div>Prendre le contr\u00f4le de notre temps nous permet d\u2019effectuer mieux les t\u00e2ches quotidiennes et ainsi d\u2019augmenter notre productivit\u00e9. Pour beaucoup d\u2019entre nous, notre ordinateur est comme un trou noir dans lequel nos heures disparaissent et, au moment o\u00f9 nous nous en rendons compte, nous avons perdu une soir\u00e9e sans rien accomplir. C\u2019est \u00e0 ce moment qu\u2019on se pose la question in\u00e9vitable : Mais, qu\u2019est ce que j\u2019ai fait de ma journ\u00e9e ?<\/div>\n<div>\n<p>Une solution \u00e0 ce probl\u00e8me peut \u00eatre trouv\u00e9e dans <a href=\"http:\/\/chronometre.chronme.com\" title=\"chronom\u00e8tre en ligne\"><strong>ChronMe<\/strong>, un chronom\u00e8tre en ligne<\/a> qui vous aide \u00e0 mesurer le temps pass\u00e9 dans diff\u00e9rentes activit\u00e9s quotidiennes en gardant un itin\u00e9raire interactif sous forme d\u2019une liste. Il vous dira les diff\u00e9rentes choses que vous avez accompli, quand vous les avez commenc\u00e9 et combien de temps cela vous a pris.<\/div>\n<div>\nLa version anglaise de <strong>ChronMe<\/strong> le chronom\u00e8tre en ligne, est active depuis 2008. A ce jour, nous avons re\u00e7u plusieurs avis int\u00e9ressants concernant les utilisateurs qui l\u2019utilise pour :<\/p>\n<ul>\n<li>Pr\u00e9parer des discours<\/li>\n<li>Contr\u00f4ler les temps de projet<\/li>\n<li>Contr\u00f4ler les d\u00e9lais de fabrication<\/li>\n<li>Mesurer les contractions pr\u00e9natales<\/li>\n<li>Mesurer les temps d\u2019appel des centres de service<\/li>\n<li>Contr\u00f4ler les requ\u00eates de service d\u2019une compagnie de taxi<\/li>\n<li>Synchroniser des vid\u00e9os de grande qualit\u00e9<\/li>\n<\/ul>\n<p>Sur son format intuitif, il y a seulement deux boutons : un pour d\u00e9marrer et arr\u00eater le <strong>chronom\u00e8tre<\/strong> et l\u2019autre pour remettre le compteur \u00e0 z\u00e9ro. Chaque fois que vous arr\u00eatez le chronom\u00e8tre, une nouvelle ligne va appara\u00eetre sur votre liste vous indiquant le temps de commencement, le temps pass\u00e9 dessus et quand s\u2019est arriv\u00e9.<\/div>\n<div>\n<p>La liste de r\u00e9sultats peut \u00eatre t\u00e9l\u00e9charg\u00e9e sur l\u2019ordinateur dans un format CSV et SCSV, qui peut \u00eatre import\u00e9 dans n\u2019importe quel programme compatible tel qu\u2019Excel. La plupart des utilisateurs europ\u00e9ens vont trouver que le format SCSV placera les donn\u00e9es dans des colonnes quand ils l\u2019ouvriront avec Excel. La meilleure approche est de tout essayer pour voir ce qui vous convient le mieux.<\/p><\/div>\n","protected":false},"excerpt":{"rendered":"<p>Prendre le contr\u00f4le de notre temps nous permet d\u2019effectuer mieux les t\u00e2ches quotidiennes et ainsi d\u2019augmenter notre productivit\u00e9. Pour beaucoup d\u2019entre nous, notre ordinateur est comme un trou noir dans lequel nos heures disparaissent et, au moment o\u00f9 nous nous en rendons compte, nous avons perdu une soir\u00e9e sans rien accomplir. C\u2019est \u00e0 ce moment [&hellip;]<\/p>\n","protected":false},"author":1,"featured_media":0,"parent":0,"menu_order":0,"comment_status":"open","ping_status":"open","template":"","meta":{"footnotes":""},"class_list":["post-184","page","type-page","status-publish","hentry"],"_links":{"self":[{"href":"https:\/\/www.chronme.com\/blog\/wp-json\/wp\/v2\/pages\/184","targetHints":{"allow":["GET"]}}],"collection":[{"href":"https:\/\/www.chronme.com\/blog\/wp-json\/wp\/v2\/pages"}],"about":[{"href":"https:\/\/www.chronme.com\/blog\/wp-json\/wp\/v2\/types\/page"}],"author":[{"embeddable":true,"href":"https:\/\/www.chronme.com\/blog\/wp-json\/wp\/v2\/users\/1"}],"replies":[{"embeddable":true,"href":"https:\/\/www.chronme.com\/blog\/wp-json\/wp\/v2\/comments?post=184"}],"version-history":[{"count":0,"href":"https:\/\/www.chronme.com\/blog\/wp-json\/wp\/v2\/pages\/184\/revisions"}],"wp:attachment":[{"href":"https:\/\/www.chronme.com\/blog\/wp-json\/wp\/v2\/media?parent=184"}],"curies":[{"name":"wp","href":"https:\/\/api.w.org\/{rel}","templated":true}]}}